{"id":1603,"date":"2025-08-18T21:11:13","date_gmt":"2025-08-18T21:11:13","guid":{"rendered":"https:\/\/blpgroup.com.mx\/?page_id=1603"},"modified":"2025-08-18T22:43:45","modified_gmt":"2025-08-18T22:43:45","slug":"boletines","status":"publish","type":"page","link":"https:\/\/blpgroup.com.mx\/index.php\/boletines\/","title":{"rendered":"Boletines"},"content":{"rendered":"\n\n\n\n\n<p>En este espacio encontrar\u00e1s nuestros boletines y comunicados oficiales, con la informaci\u00f3n m\u00e1s relevante sobre nuestras actividades y proyectos.<\/p>\n\n\n\n\n\n\n\n<div data-wp-interactive=\"core\/file\" class=\"wp-block-file aligncenter has-white-background-color has-background\"><object data-wp-bind--hidden=\"!state.hasPdfPreview\" hidden class=\"wp-block-file__embed\" data=\"https:\/\/blpgroup.com.mx\/wp-content\/uploads\/2025\/08\/PLAN-2025-BLP.pdf\" type=\"application\/pdf\" style=\"width:100%;height:390px\" aria-label=\"Incrustado de PLAN 2025 BLP.\"><\/object><a id=\"wp-block-file--media-78107928-cbd6-421c-ae93-c91cd23b5aae\" href=\"https:\/\/blpgroup.com.mx\/index.php\/boletines\/plan-2025-blp\/\">PLAN 2025 BLP<\/a><a href=\"https:\/\/blpgroup.com.mx\/wp-content\/uploads\/2025\/08\/PLAN-2025-BLP.pdf\" class=\"wp-block-file__button wp-element-button\" download aria-describedby=\"wp-block-file--media-78107928-cbd6-421c-ae93-c91cd23b5aae\">Descarga<\/a><\/div>\n\n\n\n\n\n\n\n\n\n\n\n\n\n\n\n\n\n\n\n\n\n\n\n\n\n\n\n\n\n\n\n\n\n\n\n\n\n\n\n\n\n\n\n\n\n\n\n\n\n\n\n\n\n\n","protected":false},"excerpt":{"rendered":"","protected":false},"author":1,"featured_media":0,"parent":0,"menu_order":0,"comment_status":"closed","ping_status":"closed","template":"","meta":{"pagelayer_contact_templates":[],"_pagelayer_content":"","footnotes":""},"class_list":["post-1603","page","type-page","status-publish","hentry"],"yoast_head":"<!-- This site is optimized with the Yoast SEO plugin v23.5 - https:\/\/yoast.com\/wordpress\/plugins\/seo\/ -->\n<title>Boletines - BLP Group<\/title>\n<meta name=\"robots\" content=\"index, follow, max-snippet:-1, max-image-preview:large, max-video-preview:-1\" \/>\n<link rel=\"canonical\" href=\"https:\/\/blpgroup.com.mx\/index.php\/boletines\/\" \/>\n<meta property=\"og:locale\" content=\"es_ES\" \/>\n<meta property=\"og:type\" content=\"article\" \/>\n<meta property=\"og:title\" content=\"Boletines - BLP Group\" \/>\n<meta property=\"og:url\" content=\"https:\/\/blpgroup.com.mx\/index.php\/boletines\/\" \/>\n<meta property=\"og:site_name\" content=\"BLP Group\" \/>\n<meta property=\"article:modified_time\" content=\"2025-08-18T22:43:45+00:00\" \/>\n<meta name=\"twitter:card\" content=\"summary_large_image\" \/>\n<meta name=\"twitter:label1\" content=\"Tiempo de lectura\" \/>\n\t<meta name=\"twitter:data1\" content=\"1 minuto\" \/>\n<script type=\"application\/ld+json\" class=\"yoast-schema-graph\">{\"@context\":\"https:\/\/schema.org\",\"@graph\":[{\"@type\":\"WebPage\",\"@id\":\"https:\/\/blpgroup.com.mx\/index.php\/boletines\/\",\"url\":\"https:\/\/blpgroup.com.mx\/index.php\/boletines\/\",\"name\":\"Boletines - BLP Group\",\"isPartOf\":{\"@id\":\"https:\/\/blpgroup.com.mx\/#website\"},\"datePublished\":\"2025-08-18T21:11:13+00:00\",\"dateModified\":\"2025-08-18T22:43:45+00:00\",\"breadcrumb\":{\"@id\":\"https:\/\/blpgroup.com.mx\/index.php\/boletines\/#breadcrumb\"},\"inLanguage\":\"es\",\"potentialAction\":[{\"@type\":\"ReadAction\",\"target\":[\"https:\/\/blpgroup.com.mx\/index.php\/boletines\/\"]}]},{\"@type\":\"BreadcrumbList\",\"@id\":\"https:\/\/blpgroup.com.mx\/index.php\/boletines\/#breadcrumb\",\"itemListElement\":[{\"@type\":\"ListItem\",\"position\":1,\"name\":\"Portada\",\"item\":\"https:\/\/blpgroup.com.mx\/\"},{\"@type\":\"ListItem\",\"position\":2,\"name\":\"Boletines\"}]},{\"@type\":\"WebSite\",\"@id\":\"https:\/\/blpgroup.com.mx\/#website\",\"url\":\"https:\/\/blpgroup.com.mx\/\",\"name\":\"BLP Group\",\"description\":\"Asesores de negocios\",\"publisher\":{\"@id\":\"https:\/\/blpgroup.com.mx\/#organization\"},\"potentialAction\":[{\"@type\":\"SearchAction\",\"target\":{\"@type\":\"EntryPoint\",\"urlTemplate\":\"https:\/\/blpgroup.com.mx\/?s={search_term_string}\"},\"query-input\":{\"@type\":\"PropertyValueSpecification\",\"valueRequired\":true,\"valueName\":\"search_term_string\"}}],\"inLanguage\":\"es\"},{\"@type\":\"Organization\",\"@id\":\"https:\/\/blpgroup.com.mx\/#organization\",\"name\":\"BLP Group\",\"url\":\"https:\/\/blpgroup.com.mx\/\",\"logo\":{\"@type\":\"ImageObject\",\"inLanguage\":\"es\",\"@id\":\"https:\/\/blpgroup.com.mx\/#\/schema\/logo\/image\/\",\"url\":\"https:\/\/i0.wp.com\/blpgroup.com.mx\/wp-content\/uploads\/2021\/09\/LOGO-BLP-COLOR-2020.png?fit=479%2C191&ssl=1\",\"contentUrl\":\"https:\/\/i0.wp.com\/blpgroup.com.mx\/wp-content\/uploads\/2021\/09\/LOGO-BLP-COLOR-2020.png?fit=479%2C191&ssl=1\",\"width\":479,\"height\":191,\"caption\":\"BLP Group\"},\"image\":{\"@id\":\"https:\/\/blpgroup.com.mx\/#\/schema\/logo\/image\/\"}}]}<\/script>\n<!-- \/ Yoast SEO plugin. -->","yoast_head_json":{"title":"Boletines - BLP Group","robots":{"index":"index","follow":"follow","max-snippet":"max-snippet:-1","max-image-preview":"max-image-preview:large","max-video-preview":"max-video-preview:-1"},"canonical":"https:\/\/blpgroup.com.mx\/index.php\/boletines\/","og_locale":"es_ES","og_type":"article","og_title":"Boletines - BLP Group","og_url":"https:\/\/blpgroup.com.mx\/index.php\/boletines\/","og_site_name":"BLP Group","article_modified_time":"2025-08-18T22:43:45+00:00","twitter_card":"summary_large_image","twitter_misc":{"Tiempo de lectura":"1 minuto"},"schema":{"@context":"https:\/\/schema.org","@graph":[{"@type":"WebPage","@id":"https:\/\/blpgroup.com.mx\/index.php\/boletines\/","url":"https:\/\/blpgroup.com.mx\/index.php\/boletines\/","name":"Boletines - BLP Group","isPartOf":{"@id":"https:\/\/blpgroup.com.mx\/#website"},"datePublished":"2025-08-18T21:11:13+00:00","dateModified":"2025-08-18T22:43:45+00:00","breadcrumb":{"@id":"https:\/\/blpgroup.com.mx\/index.php\/boletines\/#breadcrumb"},"inLanguage":"es","potentialAction":[{"@type":"ReadAction","target":["https:\/\/blpgroup.com.mx\/index.php\/boletines\/"]}]},{"@type":"BreadcrumbList","@id":"https:\/\/blpgroup.com.mx\/index.php\/boletines\/#breadcrumb","itemListElement":[{"@type":"ListItem","position":1,"name":"Portada","item":"https:\/\/blpgroup.com.mx\/"},{"@type":"ListItem","position":2,"name":"Boletines"}]},{"@type":"WebSite","@id":"https:\/\/blpgroup.com.mx\/#website","url":"https:\/\/blpgroup.com.mx\/","name":"BLP Group","description":"Asesores de negocios","publisher":{"@id":"https:\/\/blpgroup.com.mx\/#organization"},"potentialAction":[{"@type":"SearchAction","target":{"@type":"EntryPoint","urlTemplate":"https:\/\/blpgroup.com.mx\/?s={search_term_string}"},"query-input":{"@type":"PropertyValueSpecification","valueRequired":true,"valueName":"search_term_string"}}],"inLanguage":"es"},{"@type":"Organization","@id":"https:\/\/blpgroup.com.mx\/#organization","name":"BLP Group","url":"https:\/\/blpgroup.com.mx\/","logo":{"@type":"ImageObject","inLanguage":"es","@id":"https:\/\/blpgroup.com.mx\/#\/schema\/logo\/image\/","url":"https:\/\/i0.wp.com\/blpgroup.com.mx\/wp-content\/uploads\/2021\/09\/LOGO-BLP-COLOR-2020.png?fit=479%2C191&ssl=1","contentUrl":"https:\/\/i0.wp.com\/blpgroup.com.mx\/wp-content\/uploads\/2021\/09\/LOGO-BLP-COLOR-2020.png?fit=479%2C191&ssl=1","width":479,"height":191,"caption":"BLP Group"},"image":{"@id":"https:\/\/blpgroup.com.mx\/#\/schema\/logo\/image\/"}}]}},"jetpack_sharing_enabled":true,"_links":{"self":[{"href":"https:\/\/blpgroup.com.mx\/index.php\/wp-json\/wp\/v2\/pages\/1603","targetHints":{"allow":["GET"]}}],"collection":[{"href":"https:\/\/blpgroup.com.mx\/index.php\/wp-json\/wp\/v2\/pages"}],"about":[{"href":"https:\/\/blpgroup.com.mx\/index.php\/wp-json\/wp\/v2\/types\/page"}],"author":[{"embeddable":true,"href":"https:\/\/blpgroup.com.mx\/index.php\/wp-json\/wp\/v2\/users\/1"}],"replies":[{"embeddable":true,"href":"https:\/\/blpgroup.com.mx\/index.php\/wp-json\/wp\/v2\/comments?post=1603"}],"version-history":[{"count":11,"href":"https:\/\/blpgroup.com.mx\/index.php\/wp-json\/wp\/v2\/pages\/1603\/revisions"}],"predecessor-version":[{"id":1631,"href":"https:\/\/blpgroup.com.mx\/index.php\/wp-json\/wp\/v2\/pages\/1603\/revisions\/1631"}],"wp:attachment":[{"href":"https:\/\/blpgroup.com.mx\/index.php\/wp-json\/wp\/v2\/media?parent=1603"}],"curies":[{"name":"wp","href":"https:\/\/api.w.org\/{rel}","templated":true}]}}